
67
What is the greatest common divisor of 8 and 98?
2
What is the greatest common factor of 8 and 21592?
8
What is the highest common divisor of 36153 and 54?
27
Calculate the highest common divisor of 1452 and 132.
132
Calculate the greatest common divisor of 22764 and 12.
12
What is the highest common factor of 190 and 4845?
95
What is the greatest common divisor of 4530 and 300?
30
Calculate the greatest common divisor of 38 and 1634.
38
Calculate the highest common factor of 513 and 114.
57
Calculate the highest common divisor of 30 and 480.
30
What is the highest common divisor of 252 and 3374?
14
Calculate the highest common factor of 8 and 502.
2
Calculate the greatest common factor of 756 and 108.
108
Calculate the highest common factor of 594 and 1431.
27
Calculate the highest common divisor of 26 and 2.
2
Calculate the greatest common divisor of 2835 and 126.
63
Calculate the highest common factor of 608 and 128.
32
What is the greatest common factor of 2714 and 46?
46
Calculate the greatest common factor of 957 and 2320.
29
Calculate the highest common divisor of 10935 and 90.
45
What is the greatest common factor of 160 and 2780?
20
What is the highest common factor of 792 and 16104?
264
What is the highest common divisor of 483 and 42?
21
What is the highest common factor of 184 and 6026?
46
Calculate the greatest common factor of 846 and 18.
18
Calculate the greatest common divisor of 3487 and 4755.
317
What is the greatest common factor of 38 and 1406?
38
What is the greatest common divisor of 145 and 110?
5
Calculate the greatest common factor of 30 and 1920.
30
Calculate the highest common divisor of 5427 and 1407.
201
Calculate the highest common factor of 56 and 1260.
28
What is the highest common divisor of 368 and 112?
16
Calculate the greatest common divisor of 3007 and 291.
97
Calculate the greatest common divisor of 660 and 960.
60
Calculate the greatest common divisor of 32 and 2.
2
What is the highest common divisor of 162 and 36?
18
What is the highest common divisor of 330 and 1386?
66
Calculate the greatest common factor of 518 and 42.
14
Calculate the greatest common factor of 2562 and 315.
21
Calculate the greatest common factor of 22 and 99.
11
Calculate the greatest common factor of 1 and 509.
1
Calculate the highest common factor of 6452 and 8.
4
What is the highest common divisor of 722 and 1026?
38
What is the greatest common divisor of 25088 and 112?
112
Calculate the greatest common divisor of 11 and 12793.
11
Calculate the highest common factor of 87 and 29.
29
Calculate the highest common divisor of 39 and 6.
3
What is the greatest common divisor of 5 and 215?
5
Calculate the greatest common factor of 64 and 22688.
32
Calculate the greatest common factor of 2 and 5.
1
What is the highest common divisor of 6 and 8898?
6
What is the greatest common factor of 1456 and 637?
91
Calculate the greatest common divisor of 4360 and 640.
40
What is the highest common factor of 100 and 2700?
100
What is the highest common factor of 7372 and 19?
19
What is the highest common divisor of 150 and 330?
30
What is the highest common divisor of 5424 and 339?
339
Calculate the greatest common divisor of 13 and 1209.
13
What is the greatest common factor of 3904 and 183?
61
What is the greatest common factor of 28728 and 76?
76
What is the greatest common factor of 17 and 1751?
17
Calculate the greatest common factor of 13493 and 103.
103
Calculate the highest common divisor of 1264 and 6636.
316
Calculate the greatest common factor of 64 and 8.
8
Calculate the greatest common divisor of 32 and 3024.
16
Calculate the highest common divisor of 616 and 231.
77
What is the highest common divisor of 8024 and 1180?
236
What is the highest common factor of 1750 and 14?
14
Calculate the highest common factor of 40 and 220.
20
Calculate the greatest common factor of 2624 and 287.
41
Calculate the greatest common divisor of 8 and 25768.
8
Calculate the highest common factor of 36 and 228.
12
What is the greatest common factor of 5584 and 16?
16
Calculate the greatest common divisor of 20 and 185.
5
Calculate the greatest common factor of 134 and 603.
67
What is the highest common divisor of 672 and 56?
56
What is the highest common factor of 4 and 548?
4
What is the greatest common factor of 45 and 585?
45
Calculate the highest common divisor of 10636 and 4.
4
What is the highest common factor of 9042 and 66?
66
What is the highest common factor of 12 and 831?
3
What is the greatest common divisor of 4 and 268?
4
Calculate the highest common factor of 451 and 11.
11
Calculate the greatest common factor of 340 and 595.
85
Calculate the greatest common divisor of 163 and 1.
1
What is the greatest common factor of 15 and 40?
5
Calculate the highest common factor of 529 and 115.
23
Calculate the greatest common divisor of 4832 and 224.
32
What is the greatest common factor of 26 and 156?
26
Calculate the highest common factor of 54 and 2538.
54
Calculate the highest common divisor of 209 and 33.
11
Calculate the highest common factor of 5198 and 138.
46
Calculate the greatest common divisor of 33 and 913.
11
What is the greatest common divisor of 57 and 38?
19
What is the greatest common factor of 513 and 81?
27
Calculate the highest common divisor of 6941 and 11.
11
Calculate the highest common divisor of 39 and 663.
39
What is the highest common factor of 338 and 78?
26
Calculate the greatest common factor of 1456 and 1792.
112
What is the greatest common factor of 1387 and 73?
73
Calculate the greatest common divisor of 94 and 141.
47
Calculate the greatest common divisor of 1386 and 770.
154
Calculate the greatest common factor of 2853 and 27.
9
Calculate the greatest common factor of 158 and 395.
79
What is the highest common factor of 140 and 112?
28
Calculate the highest common factor of 713 and 248.
31
Calculate the highest common divisor of 13053 and 57.
57
What is the highest common divisor of 598 and 195?
13
Calculate the greatest common divisor of 936 and 504.
72
Calculate the highest common divisor of 82 and 82.
82
What is the greatest common divisor of 9 and 72?
9
Calculate the highest common divisor of 323 and 697.
17
Calculate the highest common factor of 3535 and 175.
35
What is the greatest common factor of 23 and 621?
23
Calculate the greatest common divisor of 468 and 624.
156
Calculate the highest common factor of 7 and 217.
7
Calculate the highest common divisor of 60 and 405.
15
What is the highest common factor of 160 and 96?
32
What is the greatest common divisor of 210 and 6?
6
What is the greatest common factor of 165 and 120?
15
Calculate the greatest common factor of 375 and 50.
25
Calculate the greatest common divisor of 325 and 260.
65
Calculate the greatest common divisor of 704 and 576.
64
What is the greatest common divisor of 171 and 2166?
57
What is the highest common factor of 36 and 117?
9
Calculate the greatest common divisor of 333 and 36.
9
Calculate the highest common factor of 242 and 88.
22
Calculate the highest common factor of 13 and 416.
13
What is the highest common factor of 26 and 15847?
13
What is the greatest common factor of 7302 and 6?
6
What is the highest common divisor of 2826 and 12?
6
Calculate the highest common factor of 92 and 69.
23
Calculate the highest common factor of 2178 and 27.
9
Calculate the greatest common factor of 9567 and 9.
9
What is the highest common factor of 16 and 1284?
4
What is the highest common factor of 12 and 42564?
12
Calculate the greatest common divisor of 63 and 1575.
63
Calculate the greatest common factor of 48 and 2056.
8
Calculate the highest common factor of 78 and 5889.
39
Calculate the highest common divisor of 803 and 11.
11
Calculate the highest common divisor of 90 and 36.
18
Calculate the highest common factor of 49266 and 63.
63
Calculate the greatest common factor of 5776 and 114.
38
Calculate the greatest common divisor of 14 and 2086.
14
What is the highest common factor of 6557 and 79?
79
What is the highest common factor of 32 and 112?
16
What is the highest common factor of 4216 and 272?
136
What is the highest common factor of 11 and 9?
1
Calculate the highest common divisor of 344 and 3397.
43
What is the highest common di